ose -n = -y*n + 2*m + 2933, 2*n - 1177 = -3*m. What is the hundreds digit of n?
5
Let w(m) = -26*m + 1. Let b be (-70)/5 + 2 - -1. Let u be w(b). Suppose 194 = 2*i + 3*k, 198 = 5*i + 3*k - u. What is the units digit of i?
7
Let z be -37 + 4603 + -5 + (0 - -2). Suppose 6075 = 18*r - z. What is the units digit of r?
1
Let b(j) = 2*j - 2. Let l be b(5). Suppose l*i - 34 = -10. Suppose i*a = -h + 59, -3*a = 2*h - 80 - 26. What is the tens digit of h?
4
Let n(z) = -19*z**2 - 15*z - 95. Let q be n(-6). What is the tens digit of (-4)/3*3 - q?
8
Suppose 12*o = 32*o - 110260. What is the units digit of o?
3
Let m(v) = -3*v**2 + 9*v + 69. Let w(z) = 5*z**2 - 17*z - 139. Let o(k) = -7*m(k) - 4*w(k). Let r be -1 + 6/(5/2 + -4) - 13. What is the hundreds digit of o(r)?
3
Suppose -337 = 3*k + 4*r, -2*k - 2*r = -0*r + 224. Let y = k - -123. What is the tens digit of (y/(-15))/((-8)/500)?
5
Let u = 474 + -513. Suppose p = -p + 110. Let n = p + u. What is the units digit of n?
6
Suppose -17*i + 4*q = -18*i + 10547, i - 10492 = 7*q. What is the ten thousands digit of i?
1
Suppose 201 = -5*n - 4*c, 4*n + 4*c = 2*c - 162. What is the tens digit of n/(-123) + (-653)/(-3)?
1
Let f = 6611 - -9993. What is the tens digit of f?
0
Suppose 97051 = 3*m - 2*c, 5*m - 203*c = -207*c + 161781. What is the tens digit of m?
5
Let k(l) = -10*l - 2*l - 29 + 7*l. Let j be k(-6). Let p = j + 63. What is the units digit of p?
4
Let j(s) = 30*s**3 + 25*s - 152. What is the ten thousands digit of j(8)?
1
Suppose f = -5 + 6. Let k(o) = 12*o - 6. Let u be k(f). What is the units digit of 94 - ((-9)/u)/(12/(-32))?
0
Suppose 2*z - 5*f - 22243 = 0, -124*z - 5*f + 22273 = -122*z. What is the thousands digit of z?
1
Suppose -42*p = 68*p - 152*p + 1016820. What is the ten thousands digit of p?
2
Suppose 224861 = 45*j - 29704. What is the thousands digit of j?
5
Let h(n) = 1175*n**2 + 3*n - 9. Let o be h(-3). Suppose 49*x - o = 26*x. What is the units digit of x?
9
Let b(f) = f**3 - 9*f**2 - 10*f - 9. Let x be b(14). Suppose 5*q + 3*w = 1863, 5*q + x = w + 2710. What is the tens digit of q?
7
Let y(i) be the third derivative of -5*i**4/8 - 8*i**3 + i**2 - 43*i. Suppose -4*s = s + 45. What is the units digit of y(s)?
7
Suppose -2*v + 3*u - 7*u + 45090 = 0, -90081 = -4*v + 3*u. What is the tens digit of v?
2
Let p = -31856 + 45172. What is the hundreds digit of p?
3
Let q(i) = 331*i**2 + 5*i + 1. What is the thousands digit of q(-5)?
8
What is the tens digit of -7 - 296/(-20)*75/(-60)*-302?
8
Suppose -3*f + 203*r = 199*r - 61625, 41082 = 2*f - 3*r. What is the tens digit of f?
4
Suppose 0 = 5*g - 10 - 5. Suppose -3*p = -g*j - 1332, -4*j - 1 + 9 = 0. Let z = -284 + p. What is the units digit of z?
2
Let m = -3881 - -12149. What is the hundreds digit of m?
2
Let l = 8594 + 16791. What is the thousands digit of l?
5
Suppose -85 = -p - 59. Let m(r) = p - 2*r - 68 - 4*r - 4*r. What is the units digit of m(-11)?
8
Let v(u) be the second derivative of -u**5/12 - 3*u**4/8 + 31*u**3/6 - 11*u. Let x(y) be the second derivative of v(y). What is the tens digit of x(-20)?
9
Let k be 1/2*(7 - 3). Suppose -10*t + 9840 = k*t. What is the units digit of t?
0
Suppose 8191 = -5*c + 41231. What is the thousands digit of c?
6
Suppose -3*q + 3*p - 4*p = -13226, -2*p + 17636 = 4*q. Suppose 0 = -5*d - 14*d + q. What is the units digit of d?
2
Let z = 16436 - 8434. What is the thousands digit of z?
8
Let b(n) = n**3 + 4*n**2 - 12*n - 23. Let k be b(-5). Suppose -5764 = -4*f + 4*l, -7*f - 7178 = -k*f - 4*l. What is the hundreds digit of f?
4
Let v(c) = -c**3 + c**2 - c. Let p(s) = s**3 + 10*s**2 - 11*s + 8. Let x(f) = -p(f) - 3*v(f). What is the units digit of x(10)?
2
Let p = 274 + -289. What is the units digit of -3*247/p + (-2)/5?
9
Let o = -409 - -1241. Suppose -s + o = -5*x - 80, -2*x + 3736 = 4*s. What is the hundreds digit of s?
9
Let m(v) = -7 - v**2 - 50 - 23 + 42*v - 11. What is the tens digit of m(18)?
4
Suppose -8966 = -t - 2392. What is the hundreds digit of t?
5
Let v(h) = -h**3 - 2*h**2 - 6. Let g be v(-3). Suppose 0 = 5*t - 4*c - 450, 0*c = -g*t + 2*c + 268. Let u = 19 + t. What is the hundreds digit of u?
1
Suppose 5*x = 2*c - 18, -1 + 7 = c - x. Suppose 903 = c*y + 3*r, 4*r - 15 = r. Suppose 0*d - 2*d = -y. What is the units digit of d?
1
Suppose 734*l - 4*p = 735*l - 3992, l - 2*p - 3956 = 0. What is the tens digit of l?
6
Suppose 4*l - 1 - 24 = -3*t, 0 = 3*t - 3*l + 3. What is the tens digit of ((-19)/t)/(5*(-3)/1170)?
9
Let r be (6/(-4))/(12*4/128). What is the hundreds digit of (124 - (1 - -4) - r) + 0?
1
Let l = 37656 + -24422. What is the ten thousands digit of l?
1
Let g be 176/40 + (-4)/10. What is the hundreds digit of (-187)/(-1) - g*(-6 - -5)?
1
Let s = -391 - -407. Suppose 0 = s*h - 2380 - 12644. What is the tens digit of h?
3
Let v(i) = i**2 - 6*i + 43. Let y be v(13). Suppose -b + 361 = -y. What is the units digit of b?
5
Suppose 24 = -20*k + 14*k. What is the hundreds digit of 2 - (1/(-4) - (-1083)/k)?
2
Let l(a) = 15*a - 47. Let z be l(12). Let n = 138 - z. Suppose 19 = n*g - 151. What is the units digit of g?
4
Let s be 68/3 - (0 - (-3)/(-9)). Let b = 11 - s. What is the units digit of (-706)/(-8) - b/(-48)?
8
Let b = -5936 - -16036. What is the units digit of b?
0
Suppose -25319 = -2*w + 5*k, 72*w + 12642 = 73*w + k. What is the ten thousands digit of w?
1
Let z(s) = s**2 - 3*s + 3. Let d be z(3). Let n(a) = -a**2 - 14*a - 45. Let r be n(-5). Suppose -p + d*p - 46 = r. What is the tens digit of p?
2
Suppose -59 + 53 = -3*r. What is the tens digit of r/8 - 6675/(-20)?
3
Suppose 194*l + 2184 = 202*l. Suppose -l*z + 280*z - 3052 = 0. What is the tens digit of z?
3
Suppose -3*s + 475 = 5*g, -2*g + 5*s + 221 = -0*s. Let z = g - 95. What is the hundreds digit of (0 + 1)/((-2400)/801 + z)?
2
Let a(k) = k**3 - 4*k**2 - 4*k + 14. Let x be a(4). What is the tens digit of (9/18)/(x/(-2780))?
9
Suppose 7*c = 203 - 14. Suppose -7 = 5*r - c. Suppose r*b = -3*b + 532. What is the tens digit of b?
7
Let b(n) = 278*n - 2. Let k be b(-1). What is the hundreds digit of (k/30)/(4/(-138))?
3
Suppose -2*k + 4933 + 71145 = z, -152162 = -4*k - z. What is the ten thousands digit of k?
3
Let i = 1381 + -724. Suppose -i = -8*x + 223. What is the units digit of x?
0
Let q(s) be the third derivative of -83*s**4/24 - 4*s**3 + 44*s**2. What is the hundreds digit of q(-4)?
3
Let t = 74 - 80. Let v = t + 10. Suppose 4*i + v*i = 1008. What is the tens digit of i?
2
Let k(n) = 49*n - 59. Let h(l) = 45*l - 58. Let q(o) = -3*h(o) + 4*k(o). What is the tens digit of q(7)?
6
Suppose 5*k - 6*k + 1463 = 0. Let c be 0 + -2 - (-4 - -3). What is the units digit of c/(-5) - k/(-35)?
2
Let p = -141 + -125. Let g = -118 - p. Suppose -2*i = 4*z - 302, 3*i = -2*z + 5*i + g. What is the units digit of z?
5
What is the tens digit of ((-129453)/36)/((-155)/1860)?
5
Let o(h) = -h**2 + 8*h + 5. Let t be o(8). Suppose -t*z + 2*z + 2*z = 0. Suppose 0 = -j - z*j + 4*n + 25, n = -5*j + 41. What is the units digit of j?
9
Let d = -19361 - -32335. What is the thousands digit of d?
2
Suppose -107*b + 4328404 = -b. What is the units digit of b?
4
Suppose 2*c + 10*w - 5*w + 40 = 0, -c = 3*w + 22. Let m(x) = x**2 - 9*x - 5. Let s be m(-6). What is the units digit of 2127/17 + c/s?
5
Let d be 22*6/30 - (-8)/(-20). Suppose -332 = -i - 5*y, 3*y + 903 = d*i - 379. What is the tens digit of i?
2
Let p(h) = 1 + 3*h + 17 - 7 + 1. Let y = -20 + 30. What is the units digit of p(y)?
2
Let r(m) = m**3 - 2*m**2 - 3*m + 2. Suppose 39*o - 43*o = -8. Let z be r(o). What is the tens digit of (590/(-20))/(2/z)?
5
Let w(v) = -v**3 + 11*v**2 - 15*v + 28. Let f be w(10). Let n = -11 - f. Suppose -4*o - 1183 = -n*o. What is the units digit of o?
9
Let p(h) = 38*h**2 - 228*h + 287. What is the ten thousands digit of p(35)?
3
Suppose -331745 = -24*g + 472932 - 62501. What is the units digit of g?
4
Suppose -3*n - 5*o + 4551 = -3394, -3*n = -o - 7969. What is the thousands digit of n?
2
Let d(x) = -689*x**3 - 2*x**2 - 8*x - 27. Let m be d(-3). Suppose -3521 - m = -31*t. What is the hundreds digit of t?
7
Let i(g) be the first derivative of g**4/4 + 3*g**3 - 9*g**2/2 + 22*g - 1. Suppose -8*a + 46 = -5*c - 9*a, 5*c + 40 = 5*a. What is the units digit of i(c)?
3
Let z(